of q?
8
Let s(l) = 3147*l**2 + 8*l + 12. What is the thousands digit of s(-1)?
3
Suppose -1493 = -13*m + 67. What is the units digit of m?
0
Suppose -13*s = -8150 - 19501. What is the hundreds digit of s?
1
Let w(d) = -2*d + 9. Let r be (-148)/(-14) + 18/42. Let l = 0 - r. What is the tens digit of w(l)?
3
Let k = 662 + 351. What is the hundreds digit of k?
0
Suppose w - 5*m - 15 = -w, 0 = 4*w - 5*m - 15. Suppose -3*n - 6*n + 1440 = w. What is the hundreds digit of n?
1
Let w be (-24)/(-108) - (-68)/18. Let j(p) = 8*p + 0*p**2 - w*p**2 + 3*p**2 - 20 + 6*p. What is the tens digit of j(8)?
2
Suppose -581 = -12*z - 29. What is the tens digit of z?
4
What is the hundreds digit of -2*(-7)/2 - 12901/(-19)?
6
Let k be (-1)/6 - (-50)/12. Suppose 0*s = -k*s + 128. What is the units digit of s?
2
Let a(f) = 18*f - 17. Suppose 3*u = z - 0*z - 22, -4*z = -4*u - 56. What is the units digit of a(z)?
3
Let t be 2/(-4) - 27/2. Let p(x) = 4*x - 14. Let j be p(-14). What is the units digit of (-648)/t + 20/j?
6
Let j(i) = i + 10. Let t be j(-5). Suppose 9*q - t*q - 20 = 0. Suppose -f - 4*v = -0*v - 8, -86 = -q*f + 3*v. What is the units digit of f?
6
Suppose 35*j - 113855 = -0*j. What is the units digit of j?
3
Let u be 4 - 2 - (-3 - -2). What is the units digit of (0 + u + -2)*2?
2
Let l(x) = -3*x**3 - 2*x + 17. What is the hundreds digit of l(-6)?
6
Suppose -4*h + 9 = -23. Let j be 2 - h/(-4) - -1. Suppose -j*a + 8 = -4*a. What is the units digit of a?
8
Suppose -3*v = 5 + 7. Let x be (-18)/v*30/(-9). Let t = 8 - x. What is the tens digit of t?
2
Let w = 785 - 0. What is the units digit of w?
5
Suppose 37*q + 711 = 40*q. What is the tens digit of q?
3
Let h = 92 + -57. Suppose f - h = 37. What is the tens digit of f?
7
Let b(p) = p + 11. Suppose -5*s + 15 + 5 = 0. Suppose 2*l + w = 16, 10 = -l - 0*l + s*w. What is the tens digit of b(l)?
1
Let n(s) = s**2 - 3*s + 4. Let x be n(0). Suppose -11 - 5 = -x*g. Suppose g*w - w = 9. What is the units digit of w?
3
Suppose 3*g - 406 = 2*i - 125, -2*g - i = -199. What is the tens digit of g?
9
What is the tens digit of 14/(140/50) - -2649?
5
Let l(s) = 21*s + 6. Let f be l(-5). What is the units digit of f/(-1 + -2) + -4?
9
Suppose -5*f + 4*l + 3545 = 0, f + 2*l + 57 = 766. What is the tens digit of f?
0
Suppose 5*c + 15 = 0, 0 = -5*f - 0*c - 5*c. Suppose -464 = -f*i - 26. What is the units digit of i?
6
Suppose -6*r + 4*k + 514 = -r, 4*r = -5*k + 403. Let o = -45 + r. Suppose -7*s + 4*s + o = 0. What is the units digit of s?
9
Suppose 21*y = 17*y. Suppose y = 2*h + 4*x - 162, 2*x - 132 = -2*h + 4*x. What is the tens digit of h?
7
Let p be (-2)/5 + (4 - (-396)/(-10)). Let f = p + 61. What is the tens digit of f?
2
Let c = 34 + -17. Let j = 123 + c. Suppose 0*y + 4*y = j. What is the units digit of y?
5
Let y be (14/(-4))/((-1)/(-4)). Let b = -2 - y. Suppose 52 - b = n. What is the tens digit of n?
4
Suppose 0 = 6253*y - 6264*y + 24706. What is the hundreds digit of y?
2
Let j(l) = 2*l**2 - l - 3. Let c be j(4). Let s = c - 20. Suppose -7*n + s*n - 5*t + 140 = 0, -n - 5*t + 70 = 0. What is the tens digit of n?
7
Suppose 2*b + 2225 = 7*b. Suppose b + 297 = 7*w. What is the hundreds digit of w?
1
Let v(u) = -8*u**3 - 2*u**2 - 30*u - 11. What is the tens digit of v(-7)?
4
Suppose -953 = 96*l - 97*l - 5*f, 4*l - 3712 = 5*f. What is the hundreds digit of l?
9
Let y be -7 + ((-4)/8 - 1/(-2)). What is the tens digit of y/(-14) + 361/(-4)*-2?
8
Suppose 69*h - 5764 = 65*h. What is the tens digit of h?
4
Let n(l) be the third derivative of 1/2*l**3 + 0 + 0*l - 3/8*l**4 + 1/60*l**5 - 4*l**2. What is the units digit of n(9)?
3
Suppose f - 3*f = -476. Suppose -4*s + 2*d = -f - 56, 4*s - 288 = -4*d. What is the tens digit of s?
7
Let j = -30 - -35. Suppose -5*s + 8 = -7. What is the units digit of 5/(j/s) + 3?
6
Let t(b) = 32*b - 119. What is the units digit of t(14)?
9
What is the tens digit of (-37725)/(-99) - (-4)/(-66)?
8
What is the tens digit of (-5036)/(-12) - (-4)/(-6)?
1
Let v = 24 + -14. What is the units digit of (-2)/v + (-321)/(-5)?
4
Let d(f) = 28*f + 1. Let k be d(2). Suppose 2*h - k = 175. What is the units digit of h?
6
Suppose 5*h - 596 - 1629 = 5*y, -2*h - 3*y = -895. What is the tens digit of h?
4
Suppose 0 = -5*u + i + 13, -3*u + 4*i + 21 = -i. Suppose 3*q - 14 = -u*c, 0*c + 14 = q - 4*c. What is the units digit of q?
6
Let m(f) = 253*f - 10. What is the units digit of m(2)?
6
Let h(t) = -t**3 + 7*t**2 + t + 1. Let z be h(7). Suppose -152 = -z*m - 0*m. What is the tens digit of m?
1
Suppose 2*g - 3*x = 8, -6 = -4*g - 2*x + 3*x. What is the units digit of 4 + 19 + g/1?
4
Suppose -d + 14 = 4*y, -8 - 2 = -4*y + d. What is the tens digit of y + 0 + (3 - -69)?
7
Let n(a) = 7*a**2 + 2*a. Let h be n(-2). Suppose -5*k = -8*k + h. Suppose -5*t - 38 = -3*r, 2*t - 6*t + k = 0. What is the tens digit of r?
1
Let o(x) be the first derivative of x**3/3 - 4*x**2 + 10*x + 4. Let z be o(7). Suppose -z*w - 3 = -9. What is the units digit of w?
2
Suppose 0 = -5*l - 289 + 664. What is the tens digit of l?
7
Let a(b) = 2*b + 6. Suppose 2*o = -g - 4, 0*o + 3*o = -5*g + 1. Let u be a(o). Suppose u*r - 173 = -3*l + r, 3*l - 181 = -r. What is the tens digit of l?
5
Let n = 194 - -382. What is the units digit of n?
6
Let c(j) = j**3 + 4*j**2 - 4*j - 6. Let o be c(-4). Suppose 4*a + 0*a - 8 = 2*u, 0 = u + 4*a - 14. Suppose 4*l - u = o. What is the units digit of l?
3
Let q = 10 + -31. Let p be (6/(-8))/(q/56). Suppose -18 - 26 = -p*h. What is the tens digit of h?
2
Suppose 10*m - 4*m - 30 = 0. Suppose m*k - 23 = 12. Suppose -k*b + 8 = -6*b. What is the units digit of b?
8
Suppose -2*u + 6 = -0. Suppose -5*k = 2*g - u*k - 6, g + 5*k = -9. What is the units digit of g?
6
Suppose -5*d = 5*x - 11240, 2*d + 22*x = 19*x + 4497. What is the hundreds digit of d?
2
Suppose 0 = -3*p - 5*s + 1069, -2*p + p - s + 359 = 0. What is the hundreds digit of p?
3
Suppose u - 106 = 35. Suppose u = 2*y + 7. Suppose -y = -4*t + 25. What is the tens digit of t?
2
Suppose -3*n + 1040 - 359 = 0. What is the units digit of n?
7
Let f(n) = 14*n**2 + 15*n - 70. What is the hundreds digit of f(6)?
5
What is the units digit of (-18)/5*(-17)/((-153)/(-960))?
4
Suppose -5*y - 290 = -5*f, -2*f - 3*f + 20 = 0. Let u be (y/(-10))/(27/90). What is the units digit of ((-138)/u)/((-1)/9)?
9
Suppose -4*b + 108 = 6*c - 2*c, 2*b + 128 = 5*c. Let f = c - 22. What is the units digit of f/(-18) - (-160)/72?
2
Suppose 0 = 2*t - 0*i + 4*i + 656, 0 = 4*i - 20. Let f = -238 - t. What is the hundreds digit of f?
1
Let h = -17 - -22. Suppose -h*y + 490 = 3*g, 2*y - 205 = -2*g - g. Suppose 0 = r + 5, 5*u - 2*r = -0*r + y. What is the units digit of u?
7
Let r be ((-64)/6)/(4/(-6)). Suppose -1 = 3*f + 2*u - r, 2*f = u + 17. Suppose 0 = -2*t + 9 - f. What is the units digit of t?
1
Suppose 0 = -5*m - 5*p + 20, 0 = -5*m + 5*p - 3*p + 6. Suppose 4 = g, m*s - 122 = 4*g + 106. What is the hundreds digit of s?
1
Suppose 4*y - 164 = 4*q - 0*y, q + 4*y + 31 = 0. Let j = 1 - q. What is the units digit of j?
0
Let o = -581 + 2300. What is the units digit of o?
9
Let j(q) be the first derivative of 17*q**2/2 - 17*q - 12. What is the hundreds digit of j(8)?
1
Let u = -800 + 1253. Suppose 0 = -5*x + 2*x + u. What is the hundreds digit of x?
1
Let f(l) = -29*l - 8. Suppose 12 = -4*t, 0*t + 2*t = -2*u + 2. Let q be f(u). Let b = q + 198. What is the units digit of b?
4
Suppose 4*r = 2*y - y - 110, 2*r = 0. What is the units digit of y/(-22)*((-488)/(-10))/(-2)?
2
Suppose -21 = -4*z - 3*z. Suppose z*j - 5*w = 478, 2*w = -2*j + 131 + 193. What is the tens digit of j?
6
Suppose -29903 = 506*c - 523*c. What is the tens digit of c?
5
Let n(c) = -6*c**2 - 6*c + 40. Let x(m) = -7*m**2 - 6*m + 41. Let j(k) = -6*n(k) + 5*x(k). What is the hundreds digit of j(-16)?
1
What is the hundreds digit of -12140*42/56*(-2)/3?
0
Let r(u) = 15*u - 6. Let l be r(3). Suppose 2*x + 2*s - 18 = -2*s, 3*x + 2*s = l. Let n = x - -9. What is the units digit of n?
4
Suppose 20 = 3*c + 4*r, 0 = 2*c - c - 5*r + 6. Suppose 0 = -3*i - 4*q + 164, 3*q - 4*q = c. What is the units digit of i?
0
Let j(g) = g - 16. Let n be j(-5). What is the tens digit of ((n/(-6))/7)/(3/276)?
4
Suppose 17*s + 490 = 22*s. Suppose 4*f - s = -2*x, -5*x - 1